2 + 0 - -33)).
-6
112 - (13 + -62 - -154)
7
85 - -4 - (-187 - -234)
42
Evaluate -7 + (-27 + -13 - -50).
3
What is the value of 2848 + -2881 + (-1 - (-2 + 3)) + 0?
-35
What is -21 + (19 + -34 - (-6 + -15) - -8)?
-7
What is -5 - (5 + -3) - (25 - 10 - 19)?
-3
Evaluate 132 + (-44 - 50) + (0 + 9 - (-1 + 0)).
48
What is 35 - (-35 + 7 - -96)?
-33
What is (-110 + 103 - ((3 - 1) + -4 + -3)) + -9?
-11
Calculate -5 + (17 + 0 - (-28 - (66 - 108))).
-2
Calculate (-16 - -2) + (211 - 214 - (26 - 3)).
-40
Evaluate -13 - 21 - (29 + -37).
-26
What is 15 + (78 + -232 - (0 - (5 - -3)))?
-131
Calculate 41 + -12 + -26 + -16 + -16.
-29
Calculate -6 + -50 + 32 + (-30 - -16).
-38
Evaluate 26 + -23 + -24 - -57 - 34.
2
What is the value of 19 - (28 + (19 - 13) + -11)?
-4
Calculate -64 + 29 - (-2 + 1 - -7).
-41
What is -1 + (56 - (23 - (11 - (8 - 6)))) + 7?
48
Calculate 4 - (-1 - (11 - 0 - 41)).
-25
What is (-12 - (-51 + (9 - 8)) - -10) + 7 + -9?
46
Evaluate (-14 - 35) + 82 - 35 - ((7 - -1) + 1).
-11
Evaluate (31 - 22) + -60 - (2 - (1 - -5)).
-47
What is 22 + 0 + 1 + (17 - (22 - 6))?
24
What is -3 + (-14 - (3 - 5)) + 7 - (-59 + 17)?
34
Calculate -6 + 82 - 43 - 6.
27
Calculate -20 - ((-68 - 5) + 64).
-11
Calculate (-64 - 1) + (6626 - 6649 - (-39 - 0)).
-49
73 + 48 + -231 - -82
-28
-33 + (-3 - (-49 - -13))
0
What is -44 + 128 + -58 + (71 - 2)?
95
47 + (493 - 509) + 0 + 5 + -2
34
0 + -15 - (338 - 378)
25
2 + -33 + -39 + -37 + 172
65
12 - 40 - -9 - (-15 + -7 - -29)
-26
Evaluate 52 - (22 - 0 - (6 + (121 - 117))).
40
What is the value of -57 - -58 - (-3 - -7 - 1 - 16)?
14
Calculate (76 - (0 - (9 - 12) - -3)) + 5.
75
What is 33 - 52 - -20 - 10 - -9?
0
4 + -33 + -22 + 43 + -7 + -83
-98
What is the value of (-4 + -10 - -19) + (10 - 45)?
-30
Evaluate 7 + (-48 - (220 + -234 + -3 + 0 + 17)).
-41
Calculate -74 + (-52 - -209 - 24).
59
What is the value of (7 - 1) + -32 + 12 - (5 + -7 + -4)?
-8
-67 + (-571 - -583) + (2 - 13)
-66
What is the value of 0 + -29 + 63 + 31 + -133?
-68
What is -31 + (-1 - (-26 + 35)) + 26?
-15
Evaluate 148 + (-95 - -46) - 56.
43
Calculate -1 - 24 - (15 - (21 + -22 - -6)).
-35
What is the value of (-91 - -36) + 45 - (17 - 3)?
-24
Evaluate -14 + 0 + -1018 + 999.
-33
Evaluate (46 - 11) + 1 + -111 + 30.
-45
What is the value of 45 - (95 - (-54 - -100))?
-4
83 - (60 - (-66 + 65))
22
Calculate -37 + -5 + (-10 - 6) - -31.
-27
Calculate 146 + 4 - (50 - -20).
80
What is the value of -15 + (7 + 0 - -4) + -919 + 940?
17
Evaluate 21 + (53 - 8) + 35.
101
Calculate 117 + -105 - (-3 + 36) - (-12 - 0) - 42.
-51
What is the value of (37 - (24 + 16) - 28) + 58?
27
What is the value of (-51 - -64) + (0 - 2) - (-2 - (4 + -70))?
-53
What is 153 + -77 + -135 + 2 + -30?
-87
What is the value of -17 - (17 + (28 - 12))?
-50
What is the value of -31 + (-9 - (12 - (-8 - -21)) - -19) - -7?
-13
What is the value of 94 - 88 - (2 - 2 - (-2 + -64 - -1))?
-59
-8 + (26 + -26 - ((-3 - -6) + -7))
-4
Evaluate 0 + -1 + (-6 - 9 - -18 - -64 - -10).
76
What is (0 - 0) + -18 - (-8722 - -8691)?
13
What is -587 - -542 - (-2 + 13 + 5)?
-61
What is the value of -19 - ((-1 - -23) + (0 + -43 - 20))?
22
What is the value of 15 - (-44 + (-5 - -35)) - 75?
-46
Evaluate (22 - -2) + -34 + (61 - 0) - (13 - 0).
38
-7 + (-2 - -1) - (0 + -66 + 31) - 5
22
1 + 3 - (33 + (-22 - (53 + -124)))
-78
Evaluate (-18 - -9) + -39 + 21.
-27
What is 114 - (335 + -8 + -91)?
-122
Evaluate -8 + (22 - 12) + (-14 - (-25 + 13)).
0
Calculate 3 + -8 + (12 - 37) - -10.
-20
Evaluate (-18 - 24) + -40 + 54.
-28
What is (-20 - 1 - (-170 + 68 - -65)) + -64?
-48
What is the value of 100 + (-14 - -1) + (195 - 172) + -16 + 12?
106
Evaluate 674 - 652 - (31 - -2) - (-2 - 37 - 1).
29
Calculate 1 + 5 + (0 - -16 - 23).
-1
What is -5 + (-99 - 6) + (93 + -29 - 44)?
-90
What is the value of -8 - -54 - (8 + 7 + (47 - 55))?
39
Evaluate 11 - 3 - (-1 + -28 + 23).
14
Calculate (98 + -186 - -5) + 35.
-48
Evaluate (-1 - 12) + (-62 - (-94 - 29)).
48
What is the value of 10 - 2 - (76 - 9 - 43)?
-16
What is 2 + 7 + 230 + -202 + -15?
22
What is the value of (89 - (115 + -24)) + (1 - 0) + -1 + 33?
31
Calculate ((-8 - 0) + 0 - -9) + (6 - (83 + -27)).
-49
Evaluate -6 + (11 + 54 - 12 - 18).
29
-10 + 9 + 1 + -14 + (41 - -1)
28
What is -3155 + 3200 + (-22 - 0)?
23
Evaluate 1 - -41 - (-36 + 37).
41
What is (-30 + 34 - 8) + -16?
-20
-3 + (31 + -50 + 9 - (2 - (-6 - 0)))
-21
(-20 - 1 - 0) + (13 - (-16 + 33 + -7))
-18
What is 3 - (3 + (-1 - -7)) - (-261 - -138)?
117
What is the value of (-104 - -83) + 2 + 5 - 6?
-20
What is the value of -661 + 607 + (-6 - -2)?
-58
Evaluate -8 + -7 + -72 + 1 - (-35 + 21).
-72
-40 + -24 + 0 + 50
-14
Calculate (-383 - -453) + (2 - 27) + 3.
48
-95 + 98 + -95 + 200
108
-48 + 156 + -122 + (-24 - -1)
-37
What is the value of 66 + 60 + -27 + -45 + 8?
62
What is the value of (13 - -36 - 39) + 39?
49
Evaluate (-1 - 52) + -1 - (35 + -54 + 14).
-49
What is the value of -1 - ((21 - -2) + (-63 - -69) + -15) - -86?
71
What is the value of -86 - ((-6 - (27 - 10)) + 3 + 9 - 2)?
-73
Evaluate -4 + 16 + (-34 - (-12 - -23)).
-33
What is the value of -7 + (8 - (-2 - (15 + (18 - 97))))?
-61
(27 - 22) + -24 + 63 - -6
50
-55 - (-75 - -37) - (-15 + 5)
-7
Calculate 3 + -2 + 23 - 4 - 0.
20
Calculate 3 - (-19 - (-14 - (-10 - -9))) - -12.
21
What is the value of 58 + -12 + -21 - -4 - 2?
27
What is -64 + (-12 - (0 - -10)) + 36?
-50
(1 - -11) + -99 + (-361 - -503)
55
What is the value of (57 - 2) + -3244 + 3227?
38
-2 + -84 + -115 + 55 + 59
-87
Calculate 0 + -54 - (1388 - 1514).
72
What is -58 - -111 - (2 + 0 + -4)?
55
Calculate (-13 - -43) + -19 - 10.
1
Evaluate -5 + 4 + 6 + (26 - (-17 - -12)) + 9.
45
What is the value of 10 + 45 + (1 + (-12 - -1) - (219 - 226))?
52
Calculate -9 + -14 + 38 - 17 - -40.
38
Calculate -125 - 4 - (-107 + 49).
-71
What is the value of 191 + -313 - (-265 - -27)?
116
What is the value of -128 + (-15 + 90 + -47 - -20)?
-80
Calculate -66 + (9 - (-7 - (-2 + (15 - 11)) - -13)).
-61
Calculate (-1 - 2 - -55) + (-12 - -32).
72
Evaluate -13 - (10 - (2 - (6 - (7 - -9)))).
-11
What is -45 + -6 + 3 + 4 + (-2 - 1)?
-47
-4549 - -4789 - (143 + 0)
97
What is 6 + (-70 - (20 - 42))?
-42
What is -575 + 542 - (-134 - 3)?
104
-69 + (75 - 101) + 106
11
What is the value of (2 - 12) + (74 - -23 - (-14 - -3 - -11))?
87
Evaluate 14 + (78 - 98) - (-52 + 0).
46
Evaluate -3 - (0 + (3 - (-7 - -13))).
0
Evaluate (22 - 3 - (78 + -61)) + -83.
-81
What is 110 + -61 + -65 + (-4 + -2 - (-1 + -118))?
97
What is 24 + -33 - -84 - (-7 + -9) - (4 - 0)?
87
Calculate (49 - (-94 + 40 + 101)) + (23 - -1).
26
What is (4 + 121 - 42) + -58?
25
Calculate 559 + -466 + 3 + -88.
8
Evaluate (-23 - -24) + -29 - 7 - 33.
-68
Calculate -8 + 30 + (9 - 0) + (2 - (-3 + -2)).
38
What is -20 + -7 + 9 + 22 + (1 - 17)?
-12
Calculate 29 - 25 - ((-7 - 2) + 3 + (21 - -9)).
-20
Calculate -20 + (-2 - -1) - (-37 + -2 + 40 + 3).
-25
Evaluate (-3826 - -3806) + -26 + (0 - -1).
-45
Evaluate -117 + -11 + 14 + 1 + 7 + -25.
-131
Calculate -9 + 5 + 24 - 23 - (-6 + -47).
50
Calculate -452 + 421 + -4 + -8 + 2 + 3.
-38
Calculate -24 + ((-1 - 25) + 20 - (-11 - -1)).
-20
Evaluate (-2 - 0 - 55) + 2 - (431 + -428).
-58
What is the value of (10 - (1 - (2 - 4))) + 303 + -272?
38
What is -108 + 159 + 48 - -45?
144
Evaluate 69 + -36 + (-7 - -23) - -13.
62
75 + -41 + (10 - 7) + 19
56
(-19 - (1 - 2)) + (19 - -205 - 114)
92
-51 + (1 - -24) - -1
-25
What is -2 - (-17 - -1) - (-90 + 3 + 28 + 135)?
-62
83 + -127 + 67 + -5
18
What is the value of -91 - (-94 - (58 + -146))?
-85
-1 + (983 + -962 - (48 + 0))
-28
What is 13 + (59 - 48) - 52?
-28
-23 + -8 - -26 - (-6 + 4 + -9)
6
Calculate -16 + (-30 - -25 - -23 - (36 - -1)).
-35
Evaluate (-36 - (-36 - -18) - -21) + (-2 - -43).
44
What is the value of (-1183 - -1171) + (-44 - 0)?
-56
What is the value of 2 + -2 + -20 + 7 + -16?
-29
Evaluate 22 - (-11 + 21) - (-8 + 5 + -58).
73
What is the value of 37 - (20 + 34 + -18) - (14 + -3)?
-10
What is (-1 - 22) + -5391 + 5320?
-94
What is the value of (-41 - 0 - (-368 - -370)) + (1 - 15)?
-57
Calculate (31 + (-33 - -19) - 7) + (-6 - (-3 + 6)).
1
(15 - (-1 - -1)) + 59 + (-59 - -17)
32
What is (-78 - (-111 - 58)) + -193?
-102
What is the value of 20 + -101 + (-4 + 11 - -12)?
-62
Calculate (-83849 - -83935) + 0 + 29 + -1.
114
36 - 15 - (51 + -48) - 0
1